0 = -f*u - 2*d, 3*d = 0. Does 6 divide u?
True
Let x be 4 + 0/(1 + 1). Suppose 5*o - 298 = -x*l - 0*o, 0 = -3*o + 6. Let n = l - 42. Does 11 divide n?
False
Let z(v) be the third derivative of v**6/120 - v**5/15 - v**4/12 + v**3 - 4*v**2. Is 21 a factor of z(5)?
True
Let d be 3*(4/3 - 2). Let c be -2*(-1*2 + 0). Is 9 a factor of 16 + (c - 0)/d?
False
Let f(b) be the second derivative of b**4/6 + 4*b**3/3 - b**2 + b. Let h be f(-6). Does 15 divide ((-209)/h)/(2/(-4))?
False
Let n = 0 - 4. Let t be 10/n*(-8)/10. Suppose u + t*u = 126. Does 21 divide u?
True
Suppose 11*t - 15*t = -232. Is 18 a factor of t?
False
Let v(i) = -24*i - 4. Is 12 a factor of v(-3)?
False
Let i = 13 + -9. Suppose 4*j + i = -4*f, 0*f + 4*j = 4*f + 20. Is 18 a factor of (f - 81)*2/(-4)?
False
Let o(y) = y**2 - 6*y + 8. Let x be 3/5*(-15)/(-1). Does 13 divide o(x)?
False
Suppose -240 = -9*b + 4*b. Is 16 a factor of b?
True
Does 7 divide 4/10 - (-546)/10?
False
Suppose 4*p + 225 = 4*l - l, 4*l + p - 319 = 0. Let v = 160 - l. Does 13 divide v?
False
Suppose -100 = -4*i - 4*l, -5*i + 2*l = -3*i - 34. Suppose -4*o + 7 = -i. Is o a multiple of 7?
True
Suppose -3*l + 24 = -78. Is 13 a factor of l?
False
Suppose 0 = 4*o + o - 3*x - 781, 5*o - x = 777. Does 31 divide o?
True
Suppose -f = -0 - 1. Suppose x - 4 = -f. Is x a multiple of 3?
True
Suppose -a - 240 = -5*a. Does 15 divide a?
True
Let b(r) = 5*r - 12. Let o(h) = h**2 - 9*h + 7. Let u be o(9). Does 6 divide b(u)?
False
Let u(j) = -1 + 2*j - 2*j + 2*j. Let n be u(-2). Let r = n + 8. Is r even?
False
Suppose 2*m + s = 97, 3*m = m - 3*s + 99. Is m a multiple of 7?
False
Let q(w) = w**3 - w**2 + 3*w - 2. Suppose -2*o + 4*o = 4. Is 4 a factor of q(o)?
True
Suppose 2*j + 18 = 4*j. Suppose -19*d = -15*d. Suppose j*w - 4*w - 30 = d. Does 3 divide w?
True
Suppose -3*z + 0*z = -120. Is 8 a factor of z?
True
Let a(j) = -15*j**3 + 7*j**2 + 17*j + 5. Let c(y) = -7*y**3 + 3*y**2 + 8*y + 2. Let s(v) = 6*a(v) - 13*c(v). Is 13 a factor of s(3)?
True
Let o be 2/2 + (-10)/(-2). Is 6 a factor of -1*1*(o - 30)?
True
Let j(u) = -u**2 + 2*u - 2. Suppose -n + 1 + 2 = 0, -2 = -4*o + 2*n. Let b be j(o). Let y = 1 - b. Is 2 a factor of y?
False
Let o = 61 - 37. Is 12 a factor of o?
True
Let z(x) = x**2 - 5*x + 8. Does 9 divide z(-10)?
False
Let k be (-1)/3 - (-48)/9. Suppose -12 = k*n - 117. Does 7 divide n?
True
Let j be (-28 - -18)/(2/(-17)). Let k(a) = -4*a. Let s be k(-1). Suppose o + s*o = i + j, 2*o = -4*i + 56. Is o a multiple of 9?
True
Is 4 a factor of 3682/77 + (-2)/(-11)?
True
Let u = 16 - -39. Suppose 5*f - 70 = -5*q, 4*f - q = -3*q + 52. Let a = u - f. Does 12 divide a?
False
Suppose 12 - 67 = -5*x. Let o = x - -39. Does 17 divide o?
False
Let c = -31 + 74. Suppose -20 = -5*o, q = -5*o + 3*o + c. Is 25 a factor of q?
False
Let z be ((-304)/48)/((-1)/6). Suppose 3*c + 0*l - z = 5*l, -4*l = 4. Does 4 divide c?
False
Let c(v) = -v**3 - 2*v**2 + 3*v - 6. Does 9 divide c(-5)?
True
Let y = 539 - 29. Is 51 a factor of y?
True
Let n be ((-12)/10 + 2)*-10. Let m(p) = p**2 + 6*p - 1. Let d be m(n). Does 7 divide 5/d*1*21?
True
Suppose -3*u + u + 24 = 0. Is 11 a factor of u?
False
Is 5 a factor of 4/22 - 53/(-11)?
True
Let l = 88 - 52. Does 3 divide l?
True
Let u = 33 + -8. Does 5 divide u?
True
Let z = -8 + 11. Suppose -5*g + 395 = -p, -2*p - 277 = -z*g - 47. Does 27 divide g?
False
Let l = -11 - -15. Suppose -z - 9 = -l*z. Suppose z = f - 4. Is f a multiple of 7?
True
Let l(g) = g - 1. Let m be l(0). Is 3 + m/4*-4 a multiple of 3?
False
Let c = 6 - 9. Let j(f) = f**2 - 2. Let z be j(c). Suppose -4*l + 3*l = -z. Does 4 divide l?
False
Is (-2)/(-1) + 2 - (-11 + -122) a multiple of 15?
False
Let b(f) = -3*f**3 + f**2 - 2*f + 10. Let l(m) = -7*m**3 + 3*m**2 - 5*m + 19. Let y(j) = 5*b(j) - 2*l(j). Is y(0) a multiple of 6?
True
Let k(f) = f - 11. Let t be k(-8). Let m = -9 - t. Does 10 divide m?
True
Suppose 209 = 5*d - 96. Suppose -d = -3*c - 4. Is c a multiple of 5?
False
Let l(j) = 0*j - 3*j + j**2 + 1 - 5*j. Is l(10) a multiple of 17?
False
Let x be (-1 - -1) + (-9)/(-3). Suppose 0 = x*v + 5*c - 330 - 32, v - 106 = 2*c. Suppose 4*r - 3*t - v = 66, 5*r - 225 = -4*t. Is 18 a factor of r?
False
Let m(s) = 2*s**2 + s + 6. Let h be m(5). Suppose -h = -5*a - 6. Does 3 divide a?
False
Let x = -3 + 3. Suppose x*n - 50 = 5*n. Let m = n + 50. Is 16 a factor of m?
False
Suppose l = 3*l - 2*i - 134, 2*i = -2*l + 150. Let m = 134 - l. Suppose v = 5*g - m, -5*g + 2*v + 0*v = -66. Does 12 divide g?
True
Let g = -30 - -85. Does 14 divide g?
False
Suppose 0 = -5*k - 4*c + 1726, 2*k + k - 5*c = 1006. Is 31 a factor of k?
False
Suppose 0 = p - 3 + 6, 2*p + 86 = 4*c. Suppose 4*m - 5*h = -c + 94, 2*h + 84 = 5*m. Is 6 a factor of m?
False
Suppose -3*w + 7*w + 118 = 2*b, -3*b + 5*w + 175 = 0. Let z = b - 39. Does 4 divide z?
True
Let r be 4*-5*(-1)/4. Suppose -r*v + 6 = -3*v. Suppose -1 = -t - 5, v*t = 5*n - 157. Does 16 divide n?
False
Let h = -26 + 48. Does 5 divide h?
False
Let w(p) = 8*p + 4. Is w(3) a multiple of 8?
False
Let n = 15 + -10. Suppose q - n*q = -80. Is q a multiple of 10?
True
Let f be (-2384)/(-44) - (-6)/(-33). Suppose -51 - 57 = -3*p. Let m = f - p. Does 13 divide m?
False
Let x(l) = 7*l**2 + 10*l + 8. Is 20 a factor of x(-4)?
True
Let z = 0 - 15. Is 10 a factor of 104/10 - (-6)/z?
True
Suppose 116 = y + a, 4*y = -0*y + 2*a + 494. Is 14 a factor of y?
False
Suppose 714 = 4*x + 230. Is x a multiple of 9?
False
Let w be (0 - -2)*(-25)/(-2). Suppose q = w + 3. Does 8 divide q?
False
Let g(d) = 3*d**3 - 3*d**2. Let w = -12 - -15. Is 18 a factor of g(w)?
True
Suppose -4*o = -o - 81. Is o + 1/((-1)/(-2)) a multiple of 16?
False
Suppose 0 = -4*r + 14 + 10. Suppose r + 8 = v. Is v a multiple of 7?
True
Let w = 2 + 0. Suppose 0 = g - w*n - 24, 2*n + 9 = g + 5*n. Is 12 a factor of g?
False
Let l = 5 + -2. Suppose -l*g - 16 = -1, 5*b - 30 = -g. Is 2 a factor of b?
False
Suppose -4*d - d + 185 = 0. Suppose -y + 0*y + 37 = -5*k, -3*k - d = -y. Is 16 a factor of y?
False
Let t(d) = -d**2 + 9*d - 5. Let m be t(5). Let v = 8 - 3. Let g = m - v. Is g a multiple of 4?
False
Let n = 12 - 7. Let p(k) = 3*k**2 - 3*k - 7. Does 21 divide p(n)?
False
Suppose -3*q = -6, -k - 2*q - 1 + 25 = 0. Is k a multiple of 5?
True
Let a(w) = -3*w**3 + 6*w + 14. Does 24 divide a(-5)?
False
Suppose 1 - 2 = p, 0 = -3*x - 5*p + 241. Is 22 a factor of x?
False
Let k(x) = x**2 - 11*x + 10. Is k(17) a multiple of 28?
True
Suppose -8*y + 34 = -158. Is 12 a factor of y?
True
Let s = -6 + 10. Suppose s*u = 3*m + 95 - 38, -4*m = 5*u - 48. Does 12 divide u?
True
Let k(g) = -g**2 - 20*g - 28. Does 9 divide k(-13)?
True
Let h be (2 - -7)/((-3)/(-2)). Let f be 2*((-27)/(-6) + -2). Let b = h + f. Is b a multiple of 5?
False
Let j(l) = 7*l + 14. Let m be j(13). Is 15 a factor of ((-20)/(-6))/(7/m)?
False
Let a(j) = -j**2 + 2*j + 3. Let v be a(4). Let n(i) = -2 - 2*i - 4*i + 8. Is n(v) a multiple of 15?
False
Suppose 3*f - 5*v = 142, 2*f + 5*v - 2*v = 82. Is f a multiple of 16?
False
Suppose 5 = 4*b - 7. Suppose b*v - 142 = 2*j - 26, 4*v - 4*j - 156 = 0. Does 18 divide v?
False
Does 14 divide 15/(-5) + 4*15?
False
Let c(y) = 6*y**2 + 2*y - 1. Let o be c(1). Does 14 divide 292/o + 4/14?
True
Let u(c) = -9*c - 38. Is 4 a factor of u(-7)?
False
Let v(z) = -3*z - 2. Let h be v(-2). Suppose -h = -2*c, u + 3*u = 4*c + 116. Does 18 divide u?
False
Suppose -13 = -k + 6. Suppose 5*p = 2*d - 1, 5*d - k = -2*p - 2*p. Is d a multiple of 3?
True
Suppose -12 = 3*l + 21. Let o = -7 - l. Suppose 5*j = -15, -3 = o*s - 5*s - 2*j. Is 9 a factor of s?
True
Suppose 2*u - 180 = -u. Is u a multiple of 24?
False
Is 45*((-16)/12)/(-4) a multiple of 4?
False
Suppose -6*r + 2*r = -792. Let x = -118 + r. Suppose -4*n + x = n. Does 9 divide n?
False
Let h(y) = -4 - 3*y - 5*y + 5*y + 5*y + 2*y**2. Let f be h(-5). Suppose 2*k - 4*k + f = 0. Is k a multiple of 9?
True
Let g = 13 - -30. Let o(s) = 2*s**3 + 4*s**2 + 3*s + 2. Let t be o(-3). Let a = g + t. Is a a multiple of 9?
True
Let p(b) = -b**3 + 5*b**2 + 1. Let x be p(5). Suppose c - x = 11. Does 8 divide c?
False
Let m be (-12)/(8/3 - 2). Is 27 a factor of (-4)/m + 1346/18?
False
Suppose 13 - 3 = 5*u. Suppose u*m - 13 = m. Is 4 a factor of m?
False
Let n = 5 - 12. Let p = n - -